[INFO] cloning repository https://github.com/Wonko7/notifier
[INFO] running `Command { std: "git" "-c" "credential.helper=" "-c" "credential.helper=/workspace/cargo-home/bin/git-credential-null" "clone" "--bare" "https://github.com/Wonko7/notifier" "/workspace/cache/git-repos/https%3A%2F%2Fgithub.com%2FWonko7%2Fnotifier", kill_on_drop: false }`
[INFO] [stderr] Cloning into bare repository '/workspace/cache/git-repos/https%3A%2F%2Fgithub.com%2FWonko7%2Fnotifier'...
[INFO] running `Command { std: "git" "rev-parse" "HEAD", kill_on_drop: false }`
[INFO] [stdout] cb5b1eca984da0175a81fb913bffd1576220bd6c
[INFO] building Wonko7/notifier against master#881c1ac408d93bb7adaa3a51dabab9266e82eee8 for issue-85264
[INFO] running `Command { std: "git" "clone" "/workspace/cache/git-repos/https%3A%2F%2Fgithub.com%2FWonko7%2Fnotifier" "/workspace/builds/worker-10/source", kill_on_drop: false }`
[INFO] [stderr] Cloning into '/workspace/builds/worker-10/source'...
[INFO] [stderr] done.
[INFO] validating manifest of git repo https://github.com/Wonko7/notifier on toolchain 881c1ac408d93bb7adaa3a51dabab9266e82eee8
[INFO] running `Command { std: "/workspace/cargo-home/bin/cargo" "+881c1ac408d93bb7adaa3a51dabab9266e82eee8" "metadata" "--manifest-path" "Cargo.toml" "--no-deps", kill_on_drop: false }`
[INFO] started tweaking git repo https://github.com/Wonko7/notifier
[INFO] finished tweaking git repo https://github.com/Wonko7/notifier
[INFO] tweaked toml for git repo https://github.com/Wonko7/notifier written to /workspace/builds/worker-10/source/Cargo.toml
[INFO] crate git repo https://github.com/Wonko7/notifier already has a lockfile, it will not be regenerated
[INFO] running `Command { std: "/workspace/cargo-home/bin/cargo" "+881c1ac408d93bb7adaa3a51dabab9266e82eee8" "fetch" "--manifest-path" "Cargo.toml", kill_on_drop: false }`
[INFO] [stderr]     Blocking waiting for file lock on package cache
[INFO] [stderr]     Blocking waiting for file lock on package cache
[INFO] [stderr]  Downloading crates ...
[INFO] [stderr]   Downloaded tar v0.4.26
[INFO] [stderr]   Downloaded flatc-rust v0.1.2
[INFO] [stderr]   Downloaded libzmq-sys v0.1.7+4.3.2
[INFO] [stderr]   Downloaded humantime-serde v1.0.0
[INFO] [stderr]   Downloaded libzmq v0.2.3
[INFO] [stderr]   Downloaded humantime v2.0.0
[INFO] [stderr]   Downloaded backtrace-sys v0.1.36
[INFO] [stderr]   Downloaded libsodium-sys v0.2.5
[INFO] [stderr]   Downloaded zeromq-src v0.1.8+4.3.2
[INFO] running `Command { std: "docker" "create" "-v" "/var/lib/crater-agent-workspace/builds/worker-10/target:/opt/rustwide/target:rw,Z" "-v" "/var/lib/crater-agent-workspace/builds/worker-10/source:/opt/rustwide/workdir:ro,Z" "-v" "/var/lib/crater-agent-workspace/cargo-home:/opt/rustwide/cargo-home:ro,Z" "-v" "/var/lib/crater-agent-workspace/rustup-home:/opt/rustwide/rustup-home:ro,Z" "-e" "SOURCE_DIR=/opt/rustwide/workdir" "-e" "CARGO_TARGET_DIR=/opt/rustwide/target" "-e" "CARGO_HOME=/opt/rustwide/cargo-home" "-e" "RUSTUP_HOME=/opt/rustwide/rustup-home" "-w" "/opt/rustwide/workdir" "-m" "1610612736" "--user" "0:0" "--network" "none" "ghcr.io/rust-lang/crates-build-env/linux@sha256:20528e8c29e4536546f0102ce88568b16ea7538393a33fcca951030f7af10457" "/opt/rustwide/cargo-home/bin/cargo" "+881c1ac408d93bb7adaa3a51dabab9266e82eee8" "metadata" "--no-deps" "--format-version=1", kill_on_drop: false }`
[INFO] [stderr] WARNING: Your kernel does not support swap limit capabilities or the cgroup is not mounted. Memory limited without swap.
[INFO] [stdout] f60758de5148ed68436cc67499b899bf0fc47e956647b4a6d70ebcc7bf653218
[INFO] running `Command { std: "docker" "start" "-a" "f60758de5148ed68436cc67499b899bf0fc47e956647b4a6d70ebcc7bf653218", kill_on_drop: false }`
[INFO] running `Command { std: "docker" "inspect" "f60758de5148ed68436cc67499b899bf0fc47e956647b4a6d70ebcc7bf653218", kill_on_drop: false }`
[INFO] running `Command { std: "docker" "rm" "-f" "f60758de5148ed68436cc67499b899bf0fc47e956647b4a6d70ebcc7bf653218", kill_on_drop: false }`
[INFO] [stdout] f60758de5148ed68436cc67499b899bf0fc47e956647b4a6d70ebcc7bf653218
[INFO] running `Command { std: "docker" "create" "-v" "/var/lib/crater-agent-workspace/builds/worker-10/target:/opt/rustwide/target:rw,Z" "-v" "/var/lib/crater-agent-workspace/builds/worker-10/source:/opt/rustwide/workdir:ro,Z" "-v" "/var/lib/crater-agent-workspace/cargo-home:/opt/rustwide/cargo-home:ro,Z" "-v" "/var/lib/crater-agent-workspace/rustup-home:/opt/rustwide/rustup-home:ro,Z" "-e" "SOURCE_DIR=/opt/rustwide/workdir" "-e" "CARGO_TARGET_DIR=/opt/rustwide/target" "-e" "CARGO_INCREMENTAL=0" "-e" "RUST_BACKTRACE=full" "-e" "RUSTFLAGS=--cap-lints=forbid" "-e" "CARGO_HOME=/opt/rustwide/cargo-home" "-e" "RUSTUP_HOME=/opt/rustwide/rustup-home" "-w" "/opt/rustwide/workdir" "-m" "1610612736" "--user" "0:0" "--network" "none" "ghcr.io/rust-lang/crates-build-env/linux@sha256:20528e8c29e4536546f0102ce88568b16ea7538393a33fcca951030f7af10457" "/opt/rustwide/cargo-home/bin/cargo" "+881c1ac408d93bb7adaa3a51dabab9266e82eee8" "build" "--frozen" "--message-format=json", kill_on_drop: false }`
[INFO] [stdout] 7e23c511151768788000e83702f2498f025e157a1336602f84c8b255c839c283
[INFO] [stderr] WARNING: Your kernel does not support swap limit capabilities or the cgroup is not mounted. Memory limited without swap.
[INFO] running `Command { std: "docker" "start" "-a" "7e23c511151768788000e83702f2498f025e157a1336602f84c8b255c839c283", kill_on_drop: false }`
[INFO] [stderr]    Compiling unicode-xid v0.2.0
[INFO] [stderr]    Compiling syn v1.0.17
[INFO] [stderr]    Compiling cc v1.0.50
[INFO] [stderr]    Compiling crc32fast v1.2.0
[INFO] [stderr]    Compiling getrandom v0.1.14
[INFO] [stderr]    Compiling take_mut v0.2.2
[INFO] [stderr]    Compiling rle-decode-fast v1.0.1
[INFO] [stderr]    Compiling adler32 v1.0.4
[INFO] [stderr]    Compiling pkg-config v0.3.17
[INFO] [stderr]    Compiling ppv-lite86 v0.2.6
[INFO] [stderr]    Compiling byteorder v1.3.4
[INFO] [stderr]    Compiling rustc-demangle v0.1.16
[INFO] [stderr]    Compiling log v0.4.8
[INFO] [stderr]    Compiling humantime v2.0.0
[INFO] [stderr]    Compiling arc-swap v0.4.5
[INFO] [stderr]    Compiling ansi_term v0.11.0
[INFO] [stderr]    Compiling vec_map v0.8.1
[INFO] [stderr]    Compiling yaml-rust v0.4.3
[INFO] [stderr]    Compiling filetime v0.2.9
[INFO] [stderr]    Compiling xattr v0.2.2
[INFO] [stderr]    Compiling atty v0.2.14
[INFO] [stderr]    Compiling dirs-sys v0.3.4
[INFO] [stderr]    Compiling proc-macro2 v1.0.10
[INFO] [stderr]    Compiling tar v0.4.26
[INFO] [stderr]    Compiling dirs v2.0.2
[INFO] [stderr]    Compiling clap v2.33.0
[INFO] [stderr]    Compiling cmake v0.1.42
[INFO] [stderr]    Compiling signal-hook-registry v1.2.0
[INFO] [stderr]    Compiling rand_core v0.5.1
[INFO] [stderr]    Compiling libflate v0.1.27
[INFO] [stderr]    Compiling signal-hook v0.1.13
[INFO] [stderr]    Compiling zeromq-src v0.1.8+4.3.2
[INFO] [stderr]    Compiling quote v1.0.3
[INFO] [stderr]    Compiling rand_chacha v0.2.2
[INFO] [stderr]    Compiling backtrace-sys v0.1.36
[INFO] [stderr]    Compiling libzmq-sys v0.1.7+4.3.2
[INFO] [stderr]    Compiling rand v0.7.3
[INFO] [stderr]    Compiling libsodium-sys v0.2.5
[INFO] [stderr]    Compiling backtrace v0.3.46
[INFO] [stderr]    Compiling uuid v0.8.1
[INFO] [stderr]    Compiling synstructure v0.12.3
[INFO] [stderr]    Compiling serde_derive v1.0.106
[INFO] [stderr]    Compiling serde_with_macros v1.1.0
[INFO] [stderr]    Compiling failure_derive v0.1.7
[INFO] [stderr]    Compiling failure v0.1.7
[INFO] [stderr]    Compiling serde v1.0.106
[INFO] [stderr]    Compiling serde_with v1.4.0
[INFO] [stderr]    Compiling humantime-serde v1.0.0
[INFO] [stderr]    Compiling bincode v1.2.1
[INFO] [stderr]    Compiling serde_yaml v0.8.11
[INFO] [stderr]    Compiling toml v0.5.6
[INFO] [stderr] error: failed to run custom build command for `libzmq-sys v0.1.7+4.3.2`
[INFO] [stderr] 
[INFO] [stderr] Caused by:
[INFO] [stderr]   process didn't exit successfully: `/opt/rustwide/target/debug/build/libzmq-sys-e33d8131338f86ca/build-script-build` (exit status: 101)
[INFO] [stderr]   --- stdout
[INFO] [stderr]   cargo:rerun-if-changed=build.rs
[INFO] [stderr]   cargo:rerun-if-env-changed=PROFILE
[INFO] [stderr]   running: "cmake" "/opt/rustwide/cargo-home/registry/src/github.com-1ecc6299db9ec823/zeromq-src-0.1.8+4.3.2/vendor" "-DCMAKE_INSTALL_LIBDIR=lib" "-DCMAKE_C_STANDARD=99" "-DZMQ_BUILD_TESTS=OFF" "-DENABLE_DRAFTS=ON" "-DCMAKE_BUILD_TYPE=Debug" "-DWITH_PERF_TOOL=OFF" "-DBUILD_SHARED=OFF" "-DBUILD_STATIC=ON" "-DWITH_LIBSODIUM=ON" "-DSODIUM_LIBRARIES=/opt/rustwide/target/debug/build/libsodium-sys-53e0619a0c02eb71/out/installed/lib" "-DSODIUM_INCLUDE_DIRS=/opt/rustwide/target/debug/build/libsodium-sys-53e0619a0c02eb71/out/source/libsodium-1.0.18/src/libsodium/include" "-DCMAKE_INSTALL_PREFIX=/opt/rustwide/target/debug/build/libzmq-sys-f1c0487abc1e7e61/out" "-DCMAKE_C_FLAGS= -ffunction-sections -fdata-sections -fPIC -m64" "-DCMAKE_C_COMPILER=/usr/bin/cc" "-DCMAKE_CXX_FLAGS= -ffunction-sections -fdata-sections -fPIC -m64" "-DCMAKE_CXX_COMPILER=/usr/bin/c++"
[INFO] [stderr]   -- The C compiler identification is GNU 9.3.0
[INFO] [stderr]   -- The CXX compiler identification is GNU 9.3.0
[INFO] [stderr]   -- Check for working C compiler: /usr/bin/cc
[INFO] [stderr]   -- Check for working C compiler: /usr/bin/cc -- works
[INFO] [stderr]   -- Detecting C compiler ABI info
[INFO] [stderr]   -- Detecting C compiler ABI info - done
[INFO] [stderr]   -- Detecting C compile features
[INFO] [stderr]   -- Detecting C compile features - done
[INFO] [stderr]   -- Check for working CXX compiler: /usr/bin/c++
[INFO] [stderr]   -- Check for working CXX compiler: /usr/bin/c++ -- works
[INFO] [stderr]   -- Detecting CXX compiler ABI info
[INFO] [stderr]   -- Detecting CXX compiler ABI info - done
[INFO] [stderr]   -- Detecting CXX compile features
[INFO] [stderr]   -- Detecting CXX compile features - done
[INFO] [stderr]   -- Looking for pthread.h
[INFO] [stderr]   -- Looking for pthread.h - found
[INFO] [stderr]   -- Performing Test CMAKE_HAVE_LIBC_PTHREAD
[INFO] [stderr]   -- Performing Test CMAKE_HAVE_LIBC_PTHREAD - Failed
[INFO] [stderr]   -- Looking for pthread_create in pthreads
[INFO] [stderr]   -- Looking for pthread_create in pthreads - not found
[INFO] [stderr]   -- Looking for pthread_create in pthread
[INFO] [stderr]   -- Looking for pthread_create in pthread - found
[INFO] [stderr]   -- Found Threads: TRUE  
[INFO] [stderr]   -- Detected ZMQ Version - 4.3.2
[INFO] [stderr]   -- Performing Test COMPILER_SUPPORTS_CXX11
[INFO] [stderr]   -- Performing Test COMPILER_SUPPORTS_CXX11 - Success
[INFO] [stderr]   -- Performing Test COMPILER_SUPPORTS_C11
[INFO] [stderr]   -- Performing Test COMPILER_SUPPORTS_C11 - Success
[INFO] [stderr]   -- Performing Test CXX_HAS_TAUT_WARNING
[INFO] [stderr]   -- Performing Test CXX_HAS_TAUT_WARNING - Success
[INFO] [stderr]   -- Performing Test CC_HAS_TAUT_WARNING
[INFO] [stderr]   -- Performing Test CC_HAS_TAUT_WARNING - Success
[INFO] [stderr]   -- Found PkgConfig: /usr/bin/pkg-config (found version "0.29.1") 
[INFO] [stderr]   -- Checking for module 'libsodium'
[INFO] [stderr]   --   Found libsodium, version 1.0.18
[INFO] [stderr]   -- Found SODIUM: /opt/rustwide/target/debug/build/libsodium-sys-53e0619a0c02eb71/out/installed/lib  
[INFO] [stderr]   -- Using libsodium for CURVE security
[INFO] [stderr]   -- Using radix tree implementation to manage subscriptions
[INFO] [stderr]   -- Looking for kqueue
[INFO] [stderr]   -- Looking for kqueue - not found
[INFO] [stderr]   -- Looking for epoll_create
[INFO] [stderr]   -- Looking for epoll_create - found
[INFO] [stderr]   -- Looking for epoll_create1
[INFO] [stderr]   -- Looking for epoll_create1 - found
[INFO] [stderr]   -- Using polling method in I/O threads: epoll
[INFO] [stderr]   -- Using polling method in zmq_poll(er)_* API: poll
[INFO] [stderr]   -- Using 64 bytes alignment for lock-free data structures
[INFO] [stderr]   -- Looking for include file windows.h
[INFO] [stderr]   -- Looking for include file windows.h - not found
[INFO] [stderr]   -- Looking for include file condition_variable
[INFO] [stderr]   -- Looking for include file condition_variable - found
[INFO] [stderr]   -- Using condition_variable_t implementation: stl11
[INFO] [stderr]   -- Looking for include file ifaddrs.h
[INFO] [stderr]   -- Looking for include file ifaddrs.h - found
[INFO] [stderr]   -- Looking for include file sys/uio.h
[INFO] [stderr]   -- Looking for include file sys/uio.h - found
[INFO] [stderr]   -- Looking for include file sys/eventfd.h
[INFO] [stderr]   -- Looking for include file sys/eventfd.h - found
[INFO] [stderr]   -- Checking whether EFD_CLOEXEC is supported
[INFO] [stderr]   -- Performing Test ZMQ_HAVE_EVENTFD_CLOEXEC
[INFO] [stderr]   -- Performing Test ZMQ_HAVE_EVENTFD_CLOEXEC - Success
[INFO] [stderr]   -- Looking for SO_PEERCRED
[INFO] [stderr]   -- Looking for SO_PEERCRED - found
[INFO] [stderr]   -- Looking for LOCAL_PEERCRED
[INFO] [stderr]   -- Looking for LOCAL_PEERCRED - not found
[INFO] [stderr]   -- Looking for clock_gettime
[INFO] [stderr]   -- Looking for clock_gettime - found
[INFO] [stderr]   -- Looking for fork
[INFO] [stderr]   -- Looking for fork - found
[INFO] [stderr]   -- Looking for gethrtimei
[INFO] [stderr]   -- Looking for gethrtimei - not found
[INFO] [stderr]   -- Looking for mkdtemp
[INFO] [stderr]   -- Looking for mkdtemp - found
[INFO] [stderr]   -- Looking for accept4
[INFO] [stderr]   -- Looking for accept4 - found
[INFO] [stderr]   -- Looking for strnlen
[INFO] [stderr]   -- Looking for strnlen - found
[INFO] [stderr]   -- Performing Test HAVE_FLAG_-Wall
[INFO] [stderr]   -- Performing Test HAVE_FLAG_-Wall - Failed
[INFO] [stderr]   -- Performing Test HAVE_FLAG_-Wextra
[INFO] [stderr]   -- Performing Test HAVE_FLAG_-Wextra - Failed
[INFO] [stderr]   -- Performing Test HAVE_FLAG_-Wno-long-long
[INFO] [stderr]   -- Performing Test HAVE_FLAG_-Wno-long-long - Failed
[INFO] [stderr]   -- Performing Test HAVE_FLAG_-Wno-uninitialized
[INFO] [stderr]   -- Performing Test HAVE_FLAG_-Wno-uninitialized - Failed
[INFO] [stderr]   -- Performing Test HAVE_FLAG_-pedantic
[INFO] [stderr]   -- Performing Test HAVE_FLAG_-pedantic - Failed
[INFO] [stderr]   -- Checking whether noexcept is supported
[INFO] [stderr]   -- Performing Test ZMQ_HAVE_NOEXCEPT
[INFO] [stderr]   -- Performing Test ZMQ_HAVE_NOEXCEPT - Success
[INFO] [stderr]   -- Checking whether SOCK_CLOEXEC is supported
[INFO] [stderr]   -- Performing Test ZMQ_HAVE_SOCK_CLOEXEC
[INFO] [stderr]   -- Performing Test ZMQ_HAVE_SOCK_CLOEXEC - Success
[INFO] [stderr]   -- Checking whether O_CLOEXEC is supported
[INFO] [stderr]   -- Performing Test ZMQ_HAVE_O_CLOEXEC
[INFO] [stderr]   -- Performing Test ZMQ_HAVE_O_CLOEXEC - Success
[INFO] [stderr]   -- Checking whether SO_BINDTODEVICE is supported
[INFO] [stderr]   -- Performing Test ZMQ_HAVE_SO_BINDTODEVICE
[INFO] [stderr]   -- Performing Test ZMQ_HAVE_SO_BINDTODEVICE - Success
[INFO] [stderr]   -- Checking whether SO_KEEPALIVE is supported
[INFO] [stderr]   -- Performing Test ZMQ_HAVE_SO_KEEPALIVE
[INFO] [stderr]   -- Performing Test ZMQ_HAVE_SO_KEEPALIVE - Success
[INFO] [stderr]   -- Checking whether TCP_KEEPCNT is supported
[INFO] [stderr]   -- Performing Test ZMQ_HAVE_TCP_KEEPCNT
[INFO] [stderr]   -- Performing Test ZMQ_HAVE_TCP_KEEPCNT - Success
[INFO] [stderr]   -- Checking whether TCP_KEEPIDLE is supported
[INFO] [stderr]   -- Performing Test ZMQ_HAVE_TCP_KEEPIDLE
[INFO] [stderr]   -- Performing Test ZMQ_HAVE_TCP_KEEPIDLE - Success
[INFO] [stderr]   -- Checking whether TCP_KEEPINTVL is supported
[INFO] [stderr]   -- Performing Test ZMQ_HAVE_TCP_KEEPINTVL
[INFO] [stderr]   -- Performing Test ZMQ_HAVE_TCP_KEEPINTVL - Success
[INFO] [stderr]   -- Checking whether TCP_KEEPALIVE is supported
[INFO] [stderr]   -- Performing Test ZMQ_HAVE_TCP_KEEPALIVE
[INFO] [stderr]   -- Performing Test ZMQ_HAVE_TCP_KEEPALIVE - Failed
[INFO] [stderr]   -- Checking whether TIPC is supported
[INFO] [stderr]   -- Performing Test ZMQ_HAVE_TIPC
[INFO] [stderr]   -- Performing Test ZMQ_HAVE_TIPC - Success
[INFO] [stderr]   -- Checking pthread_setname signature
[INFO] [stderr]   -- Performing Test ZMQ_HAVE_PTHREAD_SETNAME_1
[INFO] [stderr]   -- Performing Test ZMQ_HAVE_PTHREAD_SETNAME_1 - Failed
[INFO] [stderr]   -- Performing Test ZMQ_HAVE_PTHREAD_SETNAME_2
[INFO] [stderr]   -- Performing Test ZMQ_HAVE_PTHREAD_SETNAME_2 - Success
[INFO] [stderr]   -- Performing Test ZMQ_HAVE_PTHREAD_SETNAME_3
[INFO] [stderr]   -- Performing Test ZMQ_HAVE_PTHREAD_SETNAME_3 - Failed
[INFO] [stderr]   -- Performing Test ZMQ_HAVE_PTHREAD_SET_NAME
[INFO] [stderr]   -- Performing Test ZMQ_HAVE_PTHREAD_SET_NAME - Failed
[INFO] [stderr]   -- Checking pthread_setaffinity signature
[INFO] [stderr]   -- Performing Test ZMQ_HAVE_PTHREAD_SETAFFINITY
[INFO] [stderr]   -- Performing Test ZMQ_HAVE_PTHREAD_SETAFFINITY - Success
[INFO] [stderr]   -- Checking whether getrandom is supported
[INFO] [stderr]   -- Performing Test ZMQ_HAVE_GETRANDOM
[INFO] [stderr]   -- Performing Test ZMQ_HAVE_GETRANDOM - Success
[INFO] [stderr]   -- Could NOT find AsciiDoc (missing: ASCIIDOC_EXECUTABLE) 
[INFO] [stderr]   -- Configuring done
[INFO] [stderr]   -- Generating done
[INFO] [stderr]   -- Build files have been written to: /opt/rustwide/target/debug/build/libzmq-sys-f1c0487abc1e7e61/out/build
[INFO] [stderr]   running: "cmake" "--build" "." "--target" "install" "--config" "Debug" "--"
[INFO] [stderr]   Scanning dependencies of target objects
[INFO] [stderr]   [  1%] Building CXX object CMakeFiles/objects.dir/src/precompiled.cpp.o
[INFO] [stderr]   [  3%] Building CXX object CMakeFiles/objects.dir/src/client.cpp.o
[INFO] [stderr]   [  3%] Building CXX object CMakeFiles/objects.dir/src/address.cpp.o
[INFO] [stderr]   [  4%] Building CXX object CMakeFiles/objects.dir/src/clock.cpp.o
[INFO] [stderr]   [  5%] Building CXX object CMakeFiles/objects.dir/src/curve_mechanism_base.cpp.o
[INFO] [stderr]   [  6%] Building CXX object CMakeFiles/objects.dir/src/ctx.cpp.o
[INFO] [stderr]   [  7%] Building CXX object CMakeFiles/objects.dir/src/curve_client.cpp.o
[INFO] [stderr]   [  8%] Building CXX object CMakeFiles/objects.dir/src/devpoll.cpp.o
[INFO] [stderr]   [  9%] Building CXX object CMakeFiles/objects.dir/src/dgram.cpp.o
[INFO] [stderr]   [ 10%] Building CXX object CMakeFiles/objects.dir/src/dealer.cpp.o
[INFO] [stderr]   [ 11%] Building CXX object CMakeFiles/objects.dir/src/endpoint.cpp.o
[INFO] [stderr]   [ 13%] Building CXX object CMakeFiles/objects.dir/src/dist.cpp.o
[INFO] [stderr]   [ 13%] Building CXX object CMakeFiles/objects.dir/src/epoll.cpp.o
[INFO] [stderr]   [ 14%] Building CXX object CMakeFiles/objects.dir/src/curve_server.cpp.o
[INFO] [stderr]   [ 15%] Building CXX object CMakeFiles/objects.dir/src/fq.cpp.o
[INFO] [stderr]   [ 16%] Building CXX object CMakeFiles/objects.dir/src/err.cpp.o
[INFO] [stderr]   [ 17%] Building CXX object CMakeFiles/objects.dir/src/io_object.cpp.o
[INFO] [stderr]   [ 18%] Building CXX object CMakeFiles/objects.dir/src/io_thread.cpp.o
[INFO] [stderr]   [ 19%] Building CXX object CMakeFiles/objects.dir/src/ipc_address.cpp.o
[INFO] [stderr]   [ 20%] Building CXX object CMakeFiles/objects.dir/src/ip.cpp.o
[INFO] [stderr]   [ 21%] Building CXX object CMakeFiles/objects.dir/src/ipc_connecter.cpp.o
[INFO] [stderr]   [ 22%] Building CXX object CMakeFiles/objects.dir/src/ipc_listener.cpp.o
[INFO] [stderr]   [ 23%] Building CXX object CMakeFiles/objects.dir/src/kqueue.cpp.o
[INFO] [stderr]   [ 24%] Building CXX object CMakeFiles/objects.dir/src/lb.cpp.o
[INFO] [stderr]   [ 25%] Building CXX object CMakeFiles/objects.dir/src/mechanism.cpp.o
[INFO] [stderr]   [ 26%] Building CXX object CMakeFiles/objects.dir/src/mailbox.cpp.o
[INFO] [stderr]   [ 27%] Building CXX object CMakeFiles/objects.dir/src/mailbox_safe.cpp.o
[INFO] [stderr]   [ 28%] Building CXX object CMakeFiles/objects.dir/src/metadata.cpp.o
[INFO] [stderr]   [ 29%] Building CXX object CMakeFiles/objects.dir/src/mechanism_base.cpp.o
[INFO] [stderr]   [ 30%] Building CXX object CMakeFiles/objects.dir/src/mtrie.cpp.o
[INFO] [stderr]   [ 31%] Building CXX object CMakeFiles/objects.dir/src/msg.cpp.o
[INFO] [stderr]   [ 32%] Building CXX object CMakeFiles/objects.dir/src/object.cpp.o
[INFO] [stderr]   [ 33%] Building CXX object CMakeFiles/objects.dir/src/options.cpp.o
[INFO] [stderr]   [ 34%] Building CXX object CMakeFiles/objects.dir/src/norm_engine.cpp.o
[INFO] [stderr]   [ 35%] Building CXX object CMakeFiles/objects.dir/src/own.cpp.o
[INFO] [stderr]   [ 36%] Building CXX object CMakeFiles/objects.dir/src/null_mechanism.cpp.o
[INFO] [stderr]   [ 37%] Building CXX object CMakeFiles/objects.dir/src/pair.cpp.o
[INFO] [stderr]   [ 38%] Building CXX object CMakeFiles/objects.dir/src/pgm_receiver.cpp.o
[INFO] [stderr]   [ 39%] Building CXX object CMakeFiles/objects.dir/src/pgm_sender.cpp.o
[INFO] [stderr]   [ 41%] Building CXX object CMakeFiles/objects.dir/src/pgm_socket.cpp.o
[INFO] [stderr]   [ 41%] Building CXX object CMakeFiles/objects.dir/src/pipe.cpp.o
[INFO] [stderr]   [ 42%] Building CXX object CMakeFiles/objects.dir/src/plain_client.cpp.o
[INFO] [stderr]   [ 43%] Building CXX object CMakeFiles/objects.dir/src/plain_server.cpp.o
[INFO] [stderr]   [ 44%] Building CXX object CMakeFiles/objects.dir/src/poll.cpp.o
[INFO] [stderr]   [ 45%] Building CXX object CMakeFiles/objects.dir/src/poller_base.cpp.o
[INFO] [stderr]   [ 46%] Building CXX object CMakeFiles/objects.dir/src/polling_util.cpp.o
[INFO] [stderr]   [ 47%] Building CXX object CMakeFiles/objects.dir/src/proxy.cpp.o
[INFO] [stderr]   [ 48%] Building CXX object CMakeFiles/objects.dir/src/pollset.cpp.o
[INFO] [stderr]   [ 48%] Building CXX object CMakeFiles/objects.dir/src/pub.cpp.o
[INFO] [stderr]   [ 49%] Building CXX object CMakeFiles/objects.dir/src/pull.cpp.o
[INFO] [stderr]   [ 50%] Building CXX object CMakeFiles/objects.dir/src/push.cpp.o
[INFO] [stderr]   [ 51%] Building CXX object CMakeFiles/objects.dir/src/random.cpp.o
[INFO] [stderr]   [ 52%] Building CXX object CMakeFiles/objects.dir/src/raw_encoder.cpp.o
[INFO] [stderr]   [ 53%] Building CXX object CMakeFiles/objects.dir/src/raw_decoder.cpp.o
[INFO] [stderr]   [ 54%] Building CXX object CMakeFiles/objects.dir/src/reaper.cpp.o
[INFO] [stderr]   [ 55%] Building CXX object CMakeFiles/objects.dir/src/rep.cpp.o
[INFO] [stderr]   [ 56%] Building CXX object CMakeFiles/objects.dir/src/req.cpp.o
[INFO] [stderr]   [ 57%] Building CXX object CMakeFiles/objects.dir/src/router.cpp.o
[INFO] [stderr]   [ 58%] Building CXX object CMakeFiles/objects.dir/src/select.cpp.o
[INFO] [stderr]   [ 59%] Building CXX object CMakeFiles/objects.dir/src/session_base.cpp.o
[INFO] [stderr]   [ 60%] Building CXX object CMakeFiles/objects.dir/src/server.cpp.o
[INFO] [stderr]   [ 61%] Building CXX object CMakeFiles/objects.dir/src/signaler.cpp.o
[INFO] [stderr]   [ 62%] Building CXX object CMakeFiles/objects.dir/src/socket_base.cpp.o
[INFO] [stderr]   [ 63%] Building CXX object CMakeFiles/objects.dir/src/socks.cpp.o
[INFO] [stderr]   [ 64%] Building CXX object CMakeFiles/objects.dir/src/socks_connecter.cpp.o
[INFO] [stderr]   [ 65%] Building CXX object CMakeFiles/objects.dir/src/stream.cpp.o
[INFO] [stderr]   [ 66%] Building CXX object CMakeFiles/objects.dir/src/stream_engine.cpp.o
[INFO] [stderr]   [ 67%] Building CXX object CMakeFiles/objects.dir/src/sub.cpp.o
[INFO] [stderr]   [ 68%] Building CXX object CMakeFiles/objects.dir/src/tcp.cpp.o
[INFO] [stderr]   [ 69%] Building CXX object CMakeFiles/objects.dir/src/tcp_address.cpp.o
[INFO] [stderr]   [ 70%] Building CXX object CMakeFiles/objects.dir/src/tcp_connecter.cpp.o
[INFO] [stderr]   [ 71%] Building CXX object CMakeFiles/objects.dir/src/tcp_listener.cpp.o
[INFO] [stderr]   [ 72%] Building CXX object CMakeFiles/objects.dir/src/thread.cpp.o
[INFO] [stderr]   [ 73%] Building CXX object CMakeFiles/objects.dir/src/radix_tree.cpp.o
[INFO] [stderr]   [ 74%] Building CXX object CMakeFiles/objects.dir/src/v1_decoder.cpp.o
[INFO] [stderr]   [ 75%] Building CXX object CMakeFiles/objects.dir/src/trie.cpp.o
[INFO] [stderr]   [ 76%] Building CXX object CMakeFiles/objects.dir/src/v1_encoder.cpp.o
[INFO] [stderr]   [ 77%] Building CXX object CMakeFiles/objects.dir/src/v2_encoder.cpp.o
[INFO] [stderr]   [ 78%] Building CXX object CMakeFiles/objects.dir/src/v2_decoder.cpp.o
[INFO] [stderr]   [ 79%] Building CXX object CMakeFiles/objects.dir/src/xpub.cpp.o
[INFO] [stderr]   [ 80%] Building CXX object CMakeFiles/objects.dir/src/xsub.cpp.o
[INFO] [stderr]   [ 81%] Building CXX object CMakeFiles/objects.dir/src/zmq.cpp.o
[INFO] [stderr]   [ 82%] Building CXX object CMakeFiles/objects.dir/src/zmq_utils.cpp.o
[INFO] [stderr]   [ 83%] Building CXX object CMakeFiles/objects.dir/src/socket_poller.cpp.o
[INFO] [stderr]   [ 84%] Building CXX object CMakeFiles/objects.dir/src/decoder_allocators.cpp.o
[INFO] [stderr]   [ 85%] Building CXX object CMakeFiles/objects.dir/src/timers.cpp.o
[INFO] [stderr]   [ 86%] Building CXX object CMakeFiles/objects.dir/src/radio.cpp.o
[INFO] [stderr]   [ 87%] Building CXX object CMakeFiles/objects.dir/src/dish.cpp.o
[INFO] [stderr]   [ 88%] Building CXX object CMakeFiles/objects.dir/src/udp_engine.cpp.o
[INFO] [stderr]   [ 89%] Building CXX object CMakeFiles/objects.dir/src/udp_address.cpp.o
[INFO] [stderr]   [ 90%] Building CXX object CMakeFiles/objects.dir/src/scatter.cpp.o
[INFO] [stderr]   [ 91%] Building CXX object CMakeFiles/objects.dir/src/gather.cpp.o
[INFO] [stderr]   [ 92%] Building CXX object CMakeFiles/objects.dir/src/ip_resolver.cpp.o
[INFO] [stderr] 
[INFO] [stderr]   --- stderr
[INFO] [stderr]   WARNING: Target "libzmq-static" requests linking to directory "/opt/rustwide/target/debug/build/libsodium-sys-53e0619a0c02eb71/out/installed/lib".  Targets may link only to libraries.  CMake is dropping the item.
[INFO] [stderr]   WARNING: Target "libzmq-static" requests linking to directory "/opt/rustwide/target/debug/build/libsodium-sys-53e0619a0c02eb71/out/installed/lib".  Targets may link only to libraries.  CMake is dropping the item.
[INFO] [stderr]   c++: fatal error: Killed signal terminated program cc1plus
[INFO] [stderr]   compilation terminated.
[INFO] [stderr]   make[2]: *** [CMakeFiles/objects.dir/build.make:115: CMakeFiles/objects.dir/src/ctx.cpp.o] Error 1
[INFO] [stderr]   make[2]: *** Waiting for unfinished jobs....
[INFO] [stderr]   c++: fatal error: Killed signal terminated program cc1plus
[INFO] [stderr]   compilation terminated.
[INFO] [stderr]   make[2]: *** [CMakeFiles/objects.dir/build.make:869: CMakeFiles/objects.dir/src/socket_base.cpp.o] Error 1
[INFO] [stderr]   make[1]: *** [CMakeFiles/Makefile2:189: CMakeFiles/objects.dir/all] Error 2
[INFO] [stderr]   make: *** [Makefile:130: all] Error 2
[INFO] [stderr]   thread 'main' panicked at '
[INFO] [stderr]   command did not execute successfully, got: exit status: 2
[INFO] [stderr] 
[INFO] [stderr]   build script failed, must exit now', /opt/rustwide/cargo-home/registry/src/github.com-1ecc6299db9ec823/cmake-0.1.42/src/lib.rs:861:5
[INFO] [stderr]   stack backtrace:
[INFO] [stderr]      0:     0x5635d3b227c0 - std::backtrace_rs::backtrace::libunwind::trace::hdcf4f90f85129e83
[INFO] [stderr]                                  at /rustc/881c1ac408d93bb7adaa3a51dabab9266e82eee8/library/std/src/../../backtrace/src/backtrace/libunwind.rs:90:5
[INFO] [stderr]      1:     0x5635d3b227c0 - std::backtrace_rs::backtrace::trace_unsynchronized::h2669e30cb82f6732
[INFO] [stderr]                                  at /rustc/881c1ac408d93bb7adaa3a51dabab9266e82eee8/library/std/src/../../backtrace/src/backtrace/mod.rs:66:5
[INFO] [stderr]      2:     0x5635d3b227c0 - std::sys_common::backtrace::_print_fmt::hfbda19e17f6db318
[INFO] [stderr]                                  at /rustc/881c1ac408d93bb7adaa3a51dabab9266e82eee8/library/std/src/sys_common/backtrace.rs:67:5
[INFO] [stderr]      3:     0x5635d3b227c0 - <std::sys_common::backtrace::_print::DisplayBacktrace as core::fmt::Display>::fmt::h1a8751bf59281272
[INFO] [stderr]                                  at /rustc/881c1ac408d93bb7adaa3a51dabab9266e82eee8/library/std/src/sys_common/backtrace.rs:46:22
[INFO] [stderr]      4:     0x5635d3b4283f - core::fmt::write::h7aa6cd0067dca82a
[INFO] [stderr]                                  at /rustc/881c1ac408d93bb7adaa3a51dabab9266e82eee8/library/core/src/fmt/mod.rs:1094:17
[INFO] [stderr]      5:     0x5635d3b1f725 - std::io::Write::write_fmt::hd7dd3a1df9b6befb
[INFO] [stderr]                                  at /rustc/881c1ac408d93bb7adaa3a51dabab9266e82eee8/library/std/src/io/mod.rs:1584:15
[INFO] [stderr]      6:     0x5635d3b24d2b - std::sys_common::backtrace::_print::h551e9ec8a9fa8106
[INFO] [stderr]                                  at /rustc/881c1ac408d93bb7adaa3a51dabab9266e82eee8/library/std/src/sys_common/backtrace.rs:49:5
[INFO] [stderr]      7:     0x5635d3b24d2b - std::sys_common::backtrace::print::ha4b1c5e95fa040b3
[INFO] [stderr]                                  at /rustc/881c1ac408d93bb7adaa3a51dabab9266e82eee8/library/std/src/sys_common/backtrace.rs:36:9
[INFO] [stderr]      8:     0x5635d3b24d2b - std::panicking::default_hook::{{closure}}::h0b34c9ab7fb9f857
[INFO] [stderr]                                  at /rustc/881c1ac408d93bb7adaa3a51dabab9266e82eee8/library/std/src/panicking.rs:208:50
[INFO] [stderr]      9:     0x5635d3b2480d - std::panicking::default_hook::h3067e8318decd17a
[INFO] [stderr]                                  at /rustc/881c1ac408d93bb7adaa3a51dabab9266e82eee8/library/std/src/panicking.rs:225:9
[INFO] [stderr]     10:     0x5635d3b252dd - std::panicking::rust_panic_with_hook::h81b8facc50f34daa
[INFO] [stderr]                                  at /rustc/881c1ac408d93bb7adaa3a51dabab9266e82eee8/library/std/src/panicking.rs:591:17
[INFO] [stderr]     11:     0x5635d3b24ed7 - std::panicking::begin_panic_handler::{{closure}}::ha376ab85d95a000e
[INFO] [stderr]                                  at /rustc/881c1ac408d93bb7adaa3a51dabab9266e82eee8/library/std/src/panicking.rs:497:13
[INFO] [stderr]     12:     0x5635d3b22c7c - std::sys_common::backtrace::__rust_end_short_backtrace::h6795c8afdd1a77e6
[INFO] [stderr]                                  at /rustc/881c1ac408d93bb7adaa3a51dabab9266e82eee8/library/std/src/sys_common/backtrace.rs:141:18
[INFO] [stderr]     13:     0x5635d3b24e39 - rust_begin_unwind
[INFO] [stderr]                                  at /rustc/881c1ac408d93bb7adaa3a51dabab9266e82eee8/library/std/src/panicking.rs:493:5
[INFO] [stderr]     14:     0x5635d3ab1b9b - std::panicking::begin_panic_fmt::hf43a0025042538e2
[INFO] [stderr]                                  at /rustc/881c1ac408d93bb7adaa3a51dabab9266e82eee8/library/std/src/panicking.rs:435:5
[INFO] [stderr]     15:     0x5635d3ac06b3 - cmake::fail::hf1b933d66547237c
[INFO] [stderr]                                  at /opt/rustwide/cargo-home/registry/src/github.com-1ecc6299db9ec823/cmake-0.1.42/src/lib.rs:861:5
[INFO] [stderr]     16:     0x5635d3ac0012 - cmake::run::h7af20986f4578ac1
[INFO] [stderr]                                  at /opt/rustwide/cargo-home/registry/src/github.com-1ecc6299db9ec823/cmake-0.1.42/src/lib.rs:839:9
[INFO] [stderr]     17:     0x5635d3abc69d - cmake::Config::build::hd5994ef3e894601b
[INFO] [stderr]                                  at /opt/rustwide/cargo-home/registry/src/github.com-1ecc6299db9ec823/cmake-0.1.42/src/lib.rs:745:9
[INFO] [stderr]     18:     0x5635d3ab5240 - zeromq_src::Build::build::hf0005e6245bbc062
[INFO] [stderr]                                  at /opt/rustwide/cargo-home/registry/src/github.com-1ecc6299db9ec823/zeromq-src-0.1.8+4.3.2/src/lib.rs:300:23
[INFO] [stderr]     19:     0x5635d3ab2f28 - build_script_build::main::hcd46c1a03fd4176b
[INFO] [stderr]                                  at /opt/rustwide/cargo-home/registry/src/github.com-1ecc6299db9ec823/libzmq-sys-0.1.7+4.3.2/build.rs:46:21
[INFO] [stderr]     20:     0x5635d3ab324b - core::ops::function::FnOnce::call_once::h3830a2e7c37f57db
[INFO] [stderr]                                  at /rustc/881c1ac408d93bb7adaa3a51dabab9266e82eee8/library/core/src/ops/function.rs:227:5
[INFO] [stderr]     21:     0x5635d3ab33de - std::sys_common::backtrace::__rust_begin_short_backtrace::hcb00c419a5299dbd
[INFO] [stderr]                                  at /rustc/881c1ac408d93bb7adaa3a51dabab9266e82eee8/library/std/src/sys_common/backtrace.rs:125:18
[INFO] [stderr]     22:     0x5635d3ab3201 - std::rt::lang_start::{{closure}}::h1064a554bd3451cf
[INFO] [stderr]                                  at /rustc/881c1ac408d93bb7adaa3a51dabab9266e82eee8/library/std/src/rt.rs:49:18
[INFO] [stderr]     23:     0x5635d3b256da - core::ops::function::impls::<impl core::ops::function::FnOnce<A> for &F>::call_once::h3b8c329143d7638a
[INFO] [stderr]                                  at /rustc/881c1ac408d93bb7adaa3a51dabab9266e82eee8/library/core/src/ops/function.rs:259:13
[INFO] [stderr]     24:     0x5635d3b256da - std::panicking::try::do_call::h4b72c261b4eefc1b
[INFO] [stderr]                                  at /rustc/881c1ac408d93bb7adaa3a51dabab9266e82eee8/library/std/src/panicking.rs:379:40
[INFO] [stderr]     25:     0x5635d3b256da - std::panicking::try::h703d31b7896cbd49
[INFO] [stderr]                                  at /rustc/881c1ac408d93bb7adaa3a51dabab9266e82eee8/library/std/src/panicking.rs:343:19
[INFO] [stderr]     26:     0x5635d3b256da - std::panic::catch_unwind::h37cad9b35388a915
[INFO] [stderr]                                  at /rustc/881c1ac408d93bb7adaa3a51dabab9266e82eee8/library/std/src/panic.rs:431:14
[INFO] [stderr]     27:     0x5635d3b256da - std::rt::lang_start_internal::hab5a8a909af4f90e
[INFO] [stderr]                                  at /rustc/881c1ac408d93bb7adaa3a51dabab9266e82eee8/library/std/src/rt.rs:34:21
[INFO] [stderr]     28:     0x5635d3ab31e0 - std::rt::lang_start::h8b226266e05cbb83
[INFO] [stderr]                                  at /rustc/881c1ac408d93bb7adaa3a51dabab9266e82eee8/library/std/src/rt.rs:48:5
[INFO] [stderr]     29:     0x5635d3ab307c - main
[INFO] [stderr]     30:     0x7f56b49d80b3 - __libc_start_main
[INFO] [stderr]     31:     0x5635d3ab293e - _start
[INFO] [stderr]     32:                0x0 - <unknown>
[INFO] running `Command { std: "docker" "inspect" "7e23c511151768788000e83702f2498f025e157a1336602f84c8b255c839c283", kill_on_drop: false }`
[INFO] running `Command { std: "docker" "rm" "-f" "7e23c511151768788000e83702f2498f025e157a1336602f84c8b255c839c283", kill_on_drop: false }`
[INFO] [stdout] 7e23c511151768788000e83702f2498f025e157a1336602f84c8b255c839c283
